0. Let s(x) = x**3 + 2*x**2 - 3*x - 1. Let t be s(2). What is the highest common divisor of u and t?
9
Suppose -14*z + 88 = 8*z. Suppose z*h + 2*r - 658 = 0, 2*h - 4*r + 73 = 377. What is the greatest common divisor of 108 and h?
54
Let i be 5019/(-2) + (-3)/6. Let h be i/50 + (-1)/(-5). Let j be (20/h)/(2/(-490)). Calculate the greatest common factor of j and 14.
14
Let t = 331 - 284. Let g = t - -18. Calculate the greatest common divisor of 10 and g.
5
Let q = -8710 + 37266. What is the greatest common divisor of q and 236?
236
Suppose 583 = -5*o - 3*k + 3100, -5*k = -5*o + 2485. Let y = o + -409. What is the highest common divisor of y and 4?
4
Let i be 16/(-48) - -2*343/6. Suppose 4*z = -46 + i. Let b be (255/6)/(2/4). Calculate the highest common factor of z and b.
17
Let w = 10149 + -7503. Calculate the greatest common divisor of w and 1029.
147
Suppose 0 = 15*w - 4023 - 3626 - 1066. What is the highest common factor of w and 249?
83
Let y = -48 - -51. Suppose y*i - 30 = -2*i. Suppose -266 = -z - i*z. What is the greatest common factor of 57 and z?
19
Let i be (-604764)/(-2198) - 6/(-7). Let n(g) = 36*g - 3. Let z be n(2). Calculate the greatest common divisor of z and i.
69
Let w(c) = -4*c**2 - 337*c + 152. Let p be w(-82). Calculate the highest common divisor of 712 and p.
178
Let q = -2979 - -3027. What is the highest common factor of q and 48?
48
Suppose -4*z = 4*a - z + 6, -2*a - 12 = 3*z. Let j = 2 - 10. Let c be (-131)/(-4) + (-2)/j. Calculate the highest common divisor of a and c.
3
Let l be 16/6*198/24. Suppose -3*j = -l + 4. Let w(x) = 2*x - 3. Let o be w(j). What is the highest common divisor of 45 and o?
9
Let x be 12 + (48/(-6))/2. Suppose -f - 4*h + 12 = 0, 60 = x*f - 3*f - 4*h. Suppose -54 = -5*l + 2*l. Calculate the highest common divisor of f and l.
6
Let w(q) = 167 - 11*q**3 + 10 - 4*q + 10*q**3 + 68. Let n be w(0). What is the greatest common divisor of 49 and n?
49
Suppose 0 = l - 3*o + 10, 2*o = -5*l - o - 14. Let m be (163/l)/(3/(-12)). Suppose 8*z - 387 = -m. Calculate the greatest common factor of z and 7.
7
Suppose 1049*c - 955*c - 49632 = 0. Calculate the highest common divisor of c and 40.
8
Let f be (11844 - 4) + -10*7/(-10). Calculate the highest common factor of 33 and f.
33
Suppose -2472 = 5*y - 13*y. Let k = y + -59. Calculate the greatest common divisor of 10 and k.
10
Suppose 10*l + 22 = 12*l. Suppose 4*i - 31 = -l. Suppose -120 + 885 = 9*z. Calculate the greatest common divisor of i and z.
5
Suppose 90*r - 47*r - 60*r + 3672 = 0. What is the greatest common factor of r and 243?
27
Let d(i) = 112*i + 1513. Let b be d(-12). What is the greatest common factor of b and 130?
13
Suppose 7*x + 57 = 3*r, x + 0 = -3. Suppose 728 = g + 4*p, -9*p = -g - r*p + 730. Calculate the greatest common divisor of g and 32.
32
Suppose -9*k + 3*j - 8*j + 65 = 0, -5*k - 5*j + 25 = 0. Calculate the highest common divisor of 245 and k.
5
Let m(o) = -2*o**2 + 20*o - 10. Let d be m(9). Let b = -335 - -470. Let t be 1050/b + (-2)/(-9). Calculate the highest common factor of t and d.
8
Let k = 2099 + -2087. What is the highest common factor of k and 1284?
12
Let u(c) = c**3 + 26*c**2 + 14*c + 132. Let v be u(-11). What is the highest common factor of v and 22?
11
Suppose -9568 = -57*f + 7646. Let u = -258 + f. What is the highest common divisor of 638 and u?
22
Let y(o) = -o**2 + 5*o. Let n be y(4). Suppose -w + 2*p + 148 = 0, -4*w + 305 + 335 = n*p. What is the greatest common factor of 36 and w?
12
Let l = -622451 + 622506. Let r be 3*(-1 - (-14)/3). What is the highest common divisor of r and l?
11
Let w = -371 + 530. Suppose -w*x = -157*x - 504. Let l(z) = 4*z**3 - 3*z + 2. Let n be l(2). What is the highest common factor of n and x?
28
Let z = -5067 + 5081. Calculate the greatest common factor of 1211 and z.
7
Let h(b) = -5*b + 4*b + 21 - 30. Let n be h(-26). What is the highest common factor of 51 and n?
17
Let d be (-555)/(-21) + 3/(-7). Suppose -3*s = -6*s + 32*s - 754. What is the greatest common factor of s and d?
26
Let t = 49 + -46. Let w(o) = 9*o + 7 + 13 + t*o + o**2 + o**2. Let g be w(-6). Calculate the greatest common divisor of g and 100.
20
Let k = 185 + -177. Suppose k*q + 11*q - 247 = 0. Calculate the highest common factor of 299 and q.
13
Let q(v) = 2*v**2 - 30*v + 33. Let m be q(14). Let x = 13 - -47. Suppose m*j - x = -0*j. Calculate the greatest common factor of j and 84.
12
Let t(n) = -28*n + 2. Let c be t(-10). Let q = 298 - c. Calculate the greatest common divisor of 16 and q.
16
Suppose -73 = -11*d + 92. Let q be (-2)/11 - 1676/(-22). Let t be (-11)/55 + q/5. What is the highest common factor of d and t?
15
Suppose 5*l - 437 = 3*b, 5*l - 6 - 436 = -2*b. Let p = 93 - l. Calculate the greatest common divisor of p and 10.
5
Let u = 4405 - 4360. Calculate the highest common factor of 423 and u.
9
Let p(n) = -19*n - 103. Let y = -51 + 45. Let x be p(y). Calculate the greatest common divisor of 1 and x.
1
Let z = 30 + -25. Suppose 886 = 13*a - 323. Suppose z*i - 3*i - 146 = -2*g, -a = -i - 5*g. Calculate the highest common divisor of 17 and i.
17
Let u be (-2)/10 + 48412/(-65). Let v = u - -826. What is the greatest common factor of 1053 and v?
81
Suppose -266 = -g - k, k = g - k - 254. Let m = g - 240. Calculate the greatest common divisor of m and 154.
22
Suppose 2323 - 1783 = 3*m. Calculate the highest common divisor of m and 110.
10
Suppose j = 3*c + 25 - 69, 3*c - 28 = 5*j. Let w = -13532 + 13533. What is the highest common divisor of w and c?
1
Suppose -15 + 95 = t. Let p be 1*2/(-10) + 44/20. Let w be (1/(0 - p))/((-7)/448). Calculate the greatest common divisor of w and t.
16
Suppose -50*z + 400 = -450. Calculate the greatest common divisor of 4998 and z.
17
Let b = -4 + 6. Let x = -5564 + 5568. What is the highest common factor of b and x?
2
Suppose 0 = -4*y - 3*b + 648, -6*y + 4*y - 3*b + 324 = 0. Suppose y + 69 = 11*r. What is the greatest common divisor of r and 15?
3
Let u be (-2817)/12*12/(-9). Let r = u - 243. What is the highest common factor of r and 30?
10
Suppose -164 = -2*q + 4*c, -706*q + 708*q + c = 204. What is the greatest common factor of q and 14?
14
Let y(a) = -a**3 - 5*a**2 - 2*a - 48. Let g be y(-6). Suppose -3*k - 2*k - 98 = -2*q, g = -3*k + 12. Calculate the highest common divisor of q and 590.
59
Suppose 22 = -2*f - 4*r, 2*f + 2*r = -0*f - 12. Let a be 2 - -1*(1 - 2 - f). Let j be (a*-16)/(5/75*-2). Calculate the greatest common factor of 30 and j.
30
Let s = 114 + -98. Suppose 0 = k + 5*x - 10, -k - 4*x = -3*k + 6. Suppose h - 11 = k. Calculate the greatest common divisor of s and h.
16
Let n = -28350 - -28490. Let f = 9 - -11. Calculate the greatest common factor of f and n.
20
Let a = 6877 - 6547. Calculate the greatest common divisor of 150 and a.
30
Let f = 4431 - 3213. What is the greatest common factor of f and 42?
42
Let y(j) = -113*j - 118. Let f be y(-2). What is the greatest common factor of 204 and f?
12
Let l = -4044 - -4083. Let p(i) = i**2 - 2*i - 2. Let o be p(-3). What is the highest common divisor of o and l?
13
Let k be -14*(-55)/154 - -55. Calculate the greatest common divisor of 13180 and k.
20
Let b(w) = w**2 - 20*w. Let i be b(20). Let v(o) = -o**2 + 4*o + 1308. Let l be v(i). Calculate the highest common divisor of 12 and l.
12
Let w(a) = -9*a**3 - 16*a**2 - a - 3. Let g be w(-2). Calculate the highest common factor of 11452 and g.
7
Let f(d) = d**3 + 7*d**2 + 7*d + 6. Let t be (-4 + 1 - -3) + -4. Let s be f(t). Let b be (-65)/(-2) - s/52. What is the highest common divisor of 8 and b?
8
Let q(d) = 1295*d**2 - 87*d - 252. Let r be q(-3). What is the greatest common factor of 48 and r?
48
Suppose -412 = -4*g + 3*y + 6300, -3*y = 2*g - 3320. Calculate the greatest common divisor of g and 114.
38
Suppose 208*z + 3*m = 212*z - 1458, 0 = -3*z + 5*m + 1099. Let g = 1 + -4. Let a be 98/3 + (-1)/g. Calculate the highest common factor of z and a.
33
Let u = 19 + -129. Let c = 128 + u. Suppose -d - 2*a - c = -6*d, a = 5*d - 14. Calculate the highest common factor of 11 and d.
1
Suppose 6*a + 99 = 9*a + 5*m, -5*a - 3*m + 181 = 0. Suppose -w + 0 + 4 = 0, -5*z + 2*w + 372 = 0. Calculate the highest common divisor of a and z.
38
Let v = -61 + 58. Let a(j) = -30*j 